 - 199365. What is f(-394)?
-1
Let u(h) = -11*h**2 + 786*h + 26. What is u(72)?
-406
Let x(i) = 5*i**2 - 297*i - 16507. What is x(-35)?
13
Let z(s) = 85068*s + 1956255. Calculate z(-23).
-309
Let y(t) = -404*t - 4801. Determine y(-20).
3279
Let m(k) = -k**3 + 309*k**2 - 16687*k - 3040. What is m(70)?
-30
Let u(z) = 3*z**3 + 1081*z**2 + 3486*z + 794. What is u(-3)?
-16
Let z(b) = -747*b + 12960. Give z(17).
261
Let s(h) = 33819*h - 101391. Give s(3).
66
Let q(o) = 96183*o + 384761. Determine q(-4).
29
Let a(r) = 4*r**3 + 18*r**2 - 4*r - 46. What is a(-7)?
-508
Let v(p) = 5*p**2 - 662*p + 4751. Determine v(125).
126
Let v(g) = g**3 - 99*g**2 - 21*g - 797. What is v(99)?
-2876
Let x(s) = 209576*s - 1676754. Determine x(8).
-146
Let k(f) = 21*f**2 + 1077*f - 663. Give k(-52).
117
Let r(x) = -3*x**3 + 8*x**2 - 316*x - 42. Determine r(0).
-42
Let r(c) = -c**3 + 52*c**2 - 126*c - 1024. Give r(49).
5
Let n(t) = t**3 + 458*t**2 - 3244*t + 5088. Determine n(-465).
-27
Let m(a) = a**2 + 251063*a + 36884657. What is m(-147)?
5
Let x(g) = -26*g**2 + 370*g - 187. Determine x(12).
509
Let f(r) = -477799*r - 2388999. What is f(-5)?
-4
Let m(b) = 19*b**3 + 34*b**2 + 477*b + 975. What is m(-2)?
5
Let g(s) = 3*s**2 + 2*s - 13994. What is g(-67)?
-661
Let w(y) = 413*y**2 + 54552*y + 4754. Determine w(-132).
2
Let d(g) = 136869*g + 6022244. Calculate d(-44).
8
Let c(d) = 2*d**3 + 879*d**2 + 459*d + 8769. Calculate c(-439).
-11
Let i(f) = -3*f**2 + 209*f - 839. Determine i(60).
901
Let p(d) = 2856*d + 836774. Calculate p(-293).
-34
Let y(l) = -14713*l + 73602. Give y(5).
37
Let j(y) = -y**2 + 650*y + 3806. Calculate j(-6).
-130
Let d(l) = 326*l - 49600. Calculate d(144).
-2656
Let j(r) = 15*r**2 + 629*r + 491. Give j(-41).
-83
Let w(u) = 26*u**3 - u**2 - 57*u + 181. Calculate w(3).
703
Let q(b) = 48620*b + 437587. Give q(-9).
7
Let n(m) = 6*m**3 + 4*m**2 - 8*m + 9. Give n(1).
11
Let i(d) = d**2 - 1725*d + 18. Give i(0).
18
Let h(m) = m**3 + 95*m**2 + 1906*m - 402. What is h(-29)?
-170
Let v(o) = -o**3 - 14*o**2 - 122*o - 2529. Calculate v(-16).
-65
Let p(d) = -4*d**3 + 41*d**2 + 1020*d - 10378. Determine p(10).
-78
Let w(p) = 4*p**2 - 87*p - 972. Calculate w(-8).
-20
Let k(t) = -2*t**3 + 105*t**2 + 935*t - 41781. Calculate k(54).
-39
Let f(n) = -3*n**2 - 798*n + 83038. Give f(-346).
-2
Let c(p) = 2*p**3 - 36*p**2 - 181*p + 2643. Give c(18).
-615
Let w(g) = -18*g**2 - 9156*g - 6066. Give w(-508).
30
Let d(i) = 3*i**3 - 19*i**2 - 8971*i + 44951. Determine d(5).
-4
Let o(d) = -d**3 + 129*d**2 - 350*d + 62447. Give o(130).
47
Let n(r) = -1165*r + 207869. Give n(179).
-666
Let t(j) = 5*j**3 - 3*j**2 + 5747*j - 5747. Give t(1).
2
Let f(t) = -2*t**3 - 21*t**2 + 525*t + 7. Determine f(-22).
-411
Let m(k) = -68*k**2 - 63*k - 14. Determine m(-4).
-850
Let t(n) = -3724*n + 271874. Determine t(73).
22
Let l(f) = f**3 - 134*f**2 + 1224*f + 1082. Calculate l(124).
-902
Let b(r) = -420*r - 4130. What is b(-7)?
-1190
Let d(q) = 3*q**3 - 39*q**2 - 135*q - 4. Calculate d(-4).
-280
Let o(c) = -1339*c + 525. What is o(0)?
525
Let d(c) = -977*c**3 - 6820*c**2 + 187*c + 382. What is d(-7)?
4
Let i(j) = j**3 - 278*j**2 - 741*j - 29353. Give i(281).
-691
Let v(p) = -33*p + 27. Determine v(-29).
984
Let w(u) = -13*u**2 - 384*u + 76. Calculate w(-24).
1804
Let w(y) = -y**2 - 9625*y - 744666. Give w(-78).
0
Let p(i) = -220*i + 804. Calculate p(5).
-296
Let j(r) = -12*r**2 - 829*r + 812. Calculate j(-70).
42
Let f(m) = 23*m**3 - 137*m**2 + 85*m - 486. What is f(6)?
60
Let j(r) = -267*r**2 + 93*r - 96. Determine j(1).
-270
Let y(w) = -72727*w + 3709070. Give y(51).
-7
Let s(q) = 3*q**3 + 1248*q**2 + 1278*q + 13792. What is s(-415)?
97
Let d(u) = u**2 - 26*u - 2290. Calculate d(64).
142
Let c(t) = 16086*t + 48285. Determine c(-3).
27
Let c(m) = -24*m**2 - 581*m - 1939. Calculate c(-4).
1
Let o(s) = -3*s**3 + 34*s**2 + 3*s - 27. Give o(11).
127
Let y(a) = -4334*a - 234019. Calculate y(-54).
17
Let o(c) = -4*c**3 + 2341*c**2 + 185644*c + 2618. What is o(656)?
-6
Let s(y) = 20977*y - 398564. What is s(19)?
-1
Let n(p) = 3379*p + 224762. Calculate n(-66).
1748
Let v(j) = -17*j**3 - 27*j**2 - 90*j - 45. What is v(-3)?
441
Let z(a) = 34*a + 2603. What is z(-76)?
19
Let c(v) = -447*v - 2585. What is c(-5)?
-350
Let a(k) = -k**3 + 59*k**2 - 2*k + 157. Give a(59).
39
Let j(x) = -3*x**3 + 9*x**2 + 101*x - 80. Determine j(-7).
683
Let i(z) = -z**3 - 252*z**2 - 1171*z - 295085. Give i(-252).
7
Let w(z) = 17400539*z - 17400541. What is w(1)?
-2
Let p(u) = 5322*u + 5179. Give p(-1).
-143
Let t(i) = -7351*i + 154372. Give t(21).
1
Let n(c) = -3*c**2 + 173*c - 179. Determine n(58).
-237
Let f(r) = -9292*r + 28353. Calculate f(3).
477
Let l(x) = -1814*x - 18179. Calculate l(-10).
-39
Let x(b) = 347*b**2 - 745*b - 4. Give x(2).
-106
Let m(z) = 311*z + 746. Calculate m(-2).
124
Let n(d) = 1188*d + 3281. Calculate n(-3).
-283
Let g(o) = -490*o - 20199. Give g(-42).
381
Let d(r) = -r**2 - 410*r + 12777. What is d(29)?
46
Let p(x) = 3*x**3 + 29*x**2 - 268*x - 409. Calculate p(-15).
11
Let i(o) = -3971*o - 47642. Give i(-12).
10
Let s(x) = 337*x + 18547. Calculate s(-55).
12
Let f(v) = 6711*v**2 - 342260*v - 52. Calculate f(51).
-1
Let y(b) = 7*b - 86. What is y(17)?
33
Let b(y) = -12*y**2 - 2244*y - 8768. What is b(-4)?
16
Let g(w) = -w**3 + 53*w**2 - 270*w + 452. Give g(47).
1016
Let l(i) = -i**2 - 3116*i - 24862. Calculate l(-8).
2
Let x(i) = -18*i**3 + 40*i**2 + 77*i + 5. Determine x(-2).
155
Let j(s) = 51*s**2 - 3305*s + 3279. What is j(1)?
25
Let h(l) = -4034*l - 68564. Calculate h(-17).
14
Let y(p) = p**3 + 124*p**2 - 250*p + 1133. What is y(-126)?
881
Let q(m) = 7*m**2 - 2590*m - 23620. Give q(-9).
257
Let g(n) = -25223*n + 2320516. Give g(92).
0
Let y(w) = -w**3 + 19*w**2 + 31*w - 230. Give y(20).
-10
Let q(f) = 3402*f + 574974. Calculate q(-169).
36
Let q(u) = 454688*u + 29100035. Give q(-64).
3
Let g(q) = -12*q**3 - 271*q**2 + 370*q - 53. Calculate g(-24).
859
Let c(v) = 2804*v + 311382. What is c(-111)?
138
Let t(l) = l**2 + 8674*l + 190351. Give t(-22).
7
Let s(y) = 801*y**2 + 1587*y + 44. Calculate s(-2).
74
Let l(d) = -573767*d + 17213014. Give l(30).
4
Let c(t) = -46140*t + 738248. What is c(16)?
8
Let q(i) = -13*i**2 - 376*i + 1224. Calculate q(3).
-21
Let p(o) = 6252*o + 343843. Determine p(-55).
-17
Let b(c) = -102*c - 4931. Calculate b(-46).
-239
Let r(c) = 38*c**2 + 1717*c - 5142. What is r(-48)?
-6
Let v(u) = u**3 - 413*u**2 + 3672*u - 14970. Calculate v(404).
-426
Let n(k) = 3*k**3 + 84*k**2 + 19*k - 164. Give n(-27).
1510
Let g(x) = x**3 - 270*x**2 - 18256*x - 13. Calculate g(-56).
-13
Let v(a) = -1236*a + 18100. Determine v(16).
-1676
Let o(g) = -542*g**2 + 2185*g - 71. Determine o(4).
-3
Let r(m) = 5660*m + 33465. Give r(-6).
-495
Let p(d) = 3*d**2 - 286*d - 8025. Give p(118).
-1
Let k(t) = 55*t**3 - 17*t**2 + 25*t + 9. Determine k(2).
431
Let y(a) = -825*a + 414966. Calculate y(503).
-9
Let k(i) = -80*i + 7664. Give k(96).
-16
Let v(t) = 3*t**3 + 68*t**2 + 4*t + 464. Determine v(-23).
-157
Let r(v) = -91913*v - 735503. Give r(-8).
-199
Let i(o) = -3*o**2 - 246*o - 2650. What is i(-13)?
41
Let x(d) = -177*d + 1639. Calculate x(11).
-308
Let q(w) = 13*w**3 - 9125*w**2 - 724*w + 15450. Calculate q(702).
6
Let c(h) = 190*h**3 + 4*h**2 + 13*h + 12. What is c(0)?
12
Let x(r) = 2*r**2 - 253271*r - 506543. What is x(-2)?
7
Let j(x) = 7*x**3 + 277*x**2 - 113*x + 295. Give j(-40).
15
Let g(p) = -565900*p - 1697703. What is g(-3)?
-3
Let o(g) = g**3 + 4*g**2 - 75*g + 127. Calculate o(4).
-45
Let q(j) = -1351*j - 2230. Give q(-2).
472
Let f(m) = 675*m**2 + 6707*m - 430. Determine f(-10).
0
Let z(o) = -2*o**3 - 84*o**2 - 452*o - 2. Calculate z(-7).
-268
Let v(u) = -32865*u - 230091. Determine v(-7).
-36
Let p(h) = -62*h**3 - h**2 - 67*h - 166. Give p(-3).
1700
Let m(c) = -5*c**3 + 70*c**2 - 134*c + 21. Calculate m(2).
-7
Let a(r) = -10*r**2 - 6*r + 122. Calculate a(-9).
-634
Let k(z) = 22046*z + 352691. Determine k(-16).
-45
Let v(d) = -444*d - 64435. Calculate v(-145).
-55
Let g(r) = 839*r**3 - 4203*r**2 + 22*r + 87. Give g(5).
-3
Let p(k) = -3*k**3 - 675*k**2 + 13*k + 2926. Determine p(-225).
1
Let a(p) = 85463*p - 6324182. Determine a(74).
80
Let c(z) = -z**2 + 490*z - 8958. Determine c(19).
-9
